ts digit of l?
7
Suppose -2*j + 72 = 6. Suppose j + 5 = r. What is the units digit of r?
8
Let t(p) = -p**3 - 2*p**2 - 3*p + 4. Suppose 5*m - 3*m = -6. What is the tens digit of t(m)?
2
Suppose -264 - 178 = -2*y. What is the hundreds digit of y?
2
Let s = 568 - 338. What is the tens digit of s?
3
Let i = 146 - 77. What is the tens digit of i?
6
Suppose -4*b = -9*b. Suppose b = -4*n + 5 - 1. What is the units digit of n?
1
Let j(p) = -p**3 - 8*p**2 + 15*p - 3. What is the units digit of j(-10)?
7
Let s(r) = -8*r**3 + 16*r**2 - 16*r - 16. Let w(n) = -3*n**3 + 5*n**2 - 5*n - 5. Let i(q) = -4*s(q) + 11*w(q). What is the tens digit of i(-10)?
1
Let b be 8/(-12)*(-174)/4. Let d = -40 + b. Let n = d + 15. What is the units digit of n?
4
Let t be 4/(-20) + (-55)/(-25). Suppose -12 = -3*l, 6*l = -x + t*l + 25. What is the units digit of x?
9
Suppose -3*f = -4*f - 5. Let d = 6 + f. What is the units digit of d?
1
Let m(d) be the second derivative of -d**5/20 - d**4/2 - d**3/2 - d**2/2 + 3*d. Let t be m(-5). Let q = t - -21. What is the units digit of q?
0
Let r(k) = k**2 - 2*k - 1. Let o be r(3). Let l be 4/12*o*6. Suppose -2*y + 10 = -3*h, -4*y - 2*h + l + 48 = 0. What is the tens digit of y?
1
Let l(t) = t**2 + 1 + 0*t - 4 - t + 0*t**2. What is the units digit of l(3)?
3
Let m(a) be the second derivative of a**3/3 + 7*a**2/2 - a. What is the units digit of m(10)?
7
Suppose -3*u = -156 + 15. What is the tens digit of (-6)/(-12) + u/2?
2
Let l = -2 - -12. Let v be -5*(0 - 4/l). Suppose -t + 7 = v. What is the units digit of t?
5
Suppose o + 5 = -4*o. Let b be o/3 + (-2)/(-6). Suppose q - 5*m + b*m = 20, m = q - 12. What is the tens digit of q?
1
Suppose 5*f - 3*s + 46 = 0, 3*s = 4*f + 2*s + 41. Let d = f - 0. Let m = d + 21. What is the tens digit of m?
1
Let i(s) = -5*s + 11. Let u(x) = -14*x + 32. Let l(q) = -11*i(q) + 4*u(q). Let a be l(6). Suppose -3*z = -6, a = -w - 2*z + 11. What is the units digit of w?
6
Suppose z - 27 = 4*z. Let u be 1 + -10*z/6. Suppose 0*y = y - u. What is the units digit of y?
6
Let z(i) = i. Let x be z(5). Suppose 6*s - 7 = x*s. What is the units digit of s?
7
Let r be (-2 - 0)*(-4)/2. Suppose -r*d + 85 = d. What is the tens digit of d?
1
Suppose 3*k + 3*b - 12 = 0, 0 = 2*k + b - 8 + 2. Suppose -q + k*q - 32 = 0. What is the tens digit of q?
3
Suppose 2*p = -11 + 1, 4*p = -5*r + 5. Suppose 0 = -r*n + 37 + 48. What is the units digit of n?
7
Let d(i) = i - 4. Suppose -5*k = -2*m + 25, 0 = -2*m + 4*k - 3*k + 13. What is the units digit of d(m)?
1
Let z be ((-2)/3)/(3/(-9)). Suppose -20*q - 2 = -18*q. What is the units digit of -10*(q + z + -2)?
0
Suppose 3*r + r - i + 2 = 0, -5*i - 10 = 0. Let k = r + 3. What is the units digit of k?
2
Suppose -1 - 13 = -2*r - 4*j, -2*r - 2*j = -12. Let l = -3 + r. Suppose 0*q = l*q - 14. What is the units digit of q?
7
Let p(z) = z**3 - z**2 + 5. Let f(a) = -a**3 + a**2 - 3. Let h(v) = -5*f(v) - 3*p(v). What is the units digit of h(2)?
8
Let b(u) = u**3 - 7*u**2 - 7*u - 9. Let p be b(8). What is the units digit of 5 + 2/p + 11?
4
Suppose 25 = 7*a - 2*a. Let r(g) = -g**3 + 6*g**2 + 3. Let p be r(6). Let v = a - p. What is the units digit of v?
2
Let l(s) = s**3 + 2*s**2 - 5*s - 2. Let h be l(-3). Suppose -h*x + 3*p = -15, -2*p + 6*p - 36 = -4*x. What is the units digit of x?
6
Let n(j) = j**3 - 3*j**2 - 3*j - 2. Let b be n(4). Suppose -2*p - 5*m + 154 = b*p, -2*m = -p + 32. What is the units digit of p?
6
Let v = 78 + -36. What is the units digit of v?
2
Suppose -229 = -4*y - 53. What is the tens digit of y?
4
Suppose -3*x + 3*p + 34 = -2, 4*x = 2*p + 42. Let a be (0 + 1)*0 + 1. Let f = a + x. What is the tens digit of f?
1
Suppose 17*l = 2*l + 2745. What is the tens digit of l?
8
Suppose 0 = -u + 6*u - 25. Suppose -u*l = 13 + 22. What is the units digit of (-19)/l + 4/14?
3
Suppose 7*w - 3*w = m - 12, 14 = -3*m + 2*w. What is the units digit of m*((-9)/6 + -3)?
6
Let h(s) = 9*s**2 - 11*s + 7. Let w(b) = 5*b**2 - 5*b + 3. Let p(i) = 4*h(i) - 7*w(i). What is the tens digit of p(11)?
2
Suppose -3*l - 28 = -5*w, 2 = -l + 2*w - 8. What is the units digit of 5/(l/(-2) - 2)?
5
Let t = -7 + -3. Suppose 4*l + 34 - 6 = 0. Let b = l - t. What is the units digit of b?
3
Suppose 3*a + 5*p - 361 = 0, 2*a = 3*a + p - 117. What is the tens digit of a?
1
Let c(p) = -p**2 + 4*p. Let g = -6 - -10. Let v be c(g). Suppose -x = -o - 7, -x + 13 = -v*x + o. What is the tens digit of x?
1
Let s(o) = -1 - o**2 + 0 + 10*o - 1 - 5*o. Let q be s(4). Suppose -t + 2*f - 16 = -q*t, -5*t + f + 36 = 0. What is the units digit of t?
8
Let c = 72 + 303. What is the units digit of c?
5
Suppose 2*r - 10 = -3*r. Let b(g) = 3*g**2 - g + 1. Let x be b(r). Suppose -3*w = p - 1 - x, -6 = w - 3*p. What is the units digit of w?
3
Suppose -4*l + l = -2*t + 71, 0 = 2*t + 2*l - 46. What is the units digit of t?
8
Let s(m) = m + 6. Let i(v) = v**2 + 10*v - 11. Let g be i(-11). What is the units digit of s(g)?
6
Let c(d) = -d + 3. Let s be c(3). Suppose s*a + 3*q = -3*a + 69, -33 = -a - 3*q. What is the tens digit of a?
1
Suppose 6*r + 365 = 11*r. What is the tens digit of r?
7
Suppose -2*y = -170 + 48. What is the tens digit of y?
6
What is the units digit of (73 + -3 - -2)*1?
2
Suppose 0 = 3*j - 7*j - 16. Let v(a) = a**2 + a + 2. Let u be v(-3). What is the units digit of j + 2 + 1 + u?
7
Let x(f) = -27*f + 15. What is the tens digit of x(-2)?
6
Let o(g) = g + 11. Let w be o(11). Let k = w + -16. What is the units digit of (-2)/k + (-7)/(-3)?
2
Suppose -4*o + 6 + 10 = 0. Suppose 5*j - 2*g - 129 = 0, -o*g - 8 = -0*g. What is the units digit of j?
5
Let t = 84 + -49. Let g = -24 + t. What is the units digit of g?
1
Let o(m) = 10*m**2 + 3*m + 10. What is the tens digit of o(-3)?
9
Suppose 3*c + 246 = 5*l, 4*l = l - 2*c + 159. What is the tens digit of l?
5
Let l be 5*(3 - 2) - 3. Suppose l*q - 32 = -3*k + 2*k, 3*k + 9 = q. What is the units digit of q?
5
Let j = -92 - -47. Let i = -25 - j. What is the units digit of i?
0
Let i(o) be the third derivative of -o**2 + 0 + 0*o - 1/8*o**4 - o**3. What is the units digit of i(-4)?
6
Suppose -23 = 3*y + 19. What is the units digit of (-26)/(-3)*(-21)/y?
3
Let u(o) = 2*o**2 - 7*o + 5. Suppose 0 = -5*h + 2*h + 12. What is the units digit of u(h)?
9
Let l be (-75)/(-12)*-1*4. Let r be (-95)/l - 2/(-10). Let t = r - 1. What is the units digit of t?
3
Suppose -9 + 107 = 2*k. What is the units digit of k?
9
Suppose 0 = 5*j + 3*c - 1778, -2*j - 8*c = -7*c - 711. What is the hundreds digit of j?
3
Suppose 5 + 7 = 2*y. What is the units digit of y?
6
Suppose -3*k = h - 71, -4*h - 2*k + 266 = k. What is the units digit of h?
5
Suppose l - 5 = -2*s + 7, 3*s = -l + 18. Let n = -13 + 12. Let u = s - n. What is the units digit of u?
7
Let b(f) = -f**2 - 35*f - 12. What is the hundreds digit of b(-23)?
2
Let g be -3*((-16)/(-6) - 1). Let z(m) = -7*m - 2. What is the tens digit of z(g)?
3
Let a = -8 + -1. Let q = -15 - a. Let v(s) = -s**3 - 5*s**2 + 5*s + 2. What is the units digit of v(q)?
8
Let r = -4 + 12. Let c = -5 + r. What is the units digit of c?
3
Let g(j) = -j**2 + 17*j - 12. What is the units digit of g(14)?
0
Let p be (2*1)/(10/(-35)). Let s be (-5)/(-7) - 2/p. What is the units digit of (-1 + 10 - 0)/s?
9
Let l(v) = -v**2 - 21*v + 9. What is the tens digit of l(-18)?
6
Let n(v) = -v**3 - 6*v**2 + 8*v + 8. Let l(f) = -2*f**2 + 4*f - 1. Let r(u) = -u. Let a be r(-3). Let q be l(a). What is the units digit of n(q)?
1
Let m be (-8)/(-28) - (-2)/(-7). Suppose 4*h - 88 - 88 = m. What is the tens digit of h?
4
What is the tens digit of ((-116)/(-8))/(2/4)?
2
Suppose 4*c = 3*c - 2*t - 2, -4*c - 11 = 5*t. What is the tens digit of ((-156)/(-6))/(c/(-2))?
1
Suppose 2 = -i + 1, 5*i - 10 = -5*z. Suppose 0 = -z*t - 7 - 11. Let l = t + 15. What is the units digit of l?
9
Let i be 3*6/9*2. Let a be (2/(-3))/(6/(-18)). Suppose -a*d = -i*g - 12, 1 - 3 = -g. What is the units digit of d?
0
Let m = 10 - 3. What is the units digit of m?
7
Let r(m) = m**3 - 6*m**3 - m**2 - m + 3*m - 3*m. Let q be r(-1). Suppose -5*c = v, 27 = q*v - 4*c + 2*c. What is the units digit of v?
5
Suppose -2*v - 31 = -81. What is the units digit of v?
5
Let z = 10 - 23. Let i = z + 17. What is the units digit of i?
4
Let y(w) = -3*w**3 - 4*w